- 6. Let k(q) = 9*i(q) + 4*s(q). Let m be k(-5). Suppose -m*h = -2*h - 163. Is h composite?
False
Let v = 2262 - 133. Is v composite?
False
Is (107/4)/(3/36) a composite number?
True
Is (-8)/6 - 6979/(-21) prime?
True
Let o(y) = 4745*y - 10. Is o(1) prime?
False
Let w be (-4920)/(-44) - 2/(-11). Suppose -184 - 81 = -5*v. Let u = w - v. Is u a composite number?
False
Let p(b) = -7*b**2 + 5*b - 7. Let x(i) = -3*i**2 + 3*i - 4. Let t(o) = 2*p(o) - 5*x(o). Let n = -1 - -6. Is t(n) a prime number?
False
Let a = -4 - -4. Suppose -3*r + f - 7 = a, -3*r + 5*f - 16 - 7 = 0. Is -62*r*1/2 prime?
True
Let z(b) = b**2 - 8*b + 5. Is z(10) composite?
True
Let l = 16 + -26. Is (l/(-5))/((-4)/(-290)) a composite number?
True
Suppose 2*a + 1523 = 5*h - 2*a, 3*a + 1219 = 4*h. Is h composite?
False
Let k = 11 + -10. Is k/(1*(-3)/(-3777)) a prime number?
True
Is (1 - (1 + 1))*(-1923 - -22) a prime number?
True
Let t be 142*(6/4 + 0). Suppose 5*g + t = 4*a, -4*a = -7*a - 5*g + 186. Is a prime?
False
Let t(q) be the first derivative of -259*q**2/2 - 2*q + 1. Is t(-1) a composite number?
False
Let f = -8356 - -12147. Is f a composite number?
True
Is ((-53525)/10)/(-5) - (-3)/(-2) a prime number?
True
Let f = -4 - -2. Let z be f*(-1 - (1 + -3)). Let h = z + 8. Is h a prime number?
False
Suppose 4*m - 2*p - 260 = 0, 0*p = -5*m + 2*p + 325. Is m a composite number?
True
Suppose -3*v = 4*q - v - 382, 5*q - 478 = -2*v. Let d = -65 + q. Is d composite?
False
Let b(u) = -u - 3. Let i be b(-6). Suppose 0 = i*k - 3, -3*g + 0*k + 134 = -4*k. Let w = -33 + g. Is w composite?
False
Let o = 533 - 346. Is o a composite number?
True
Let j(f) = -f**3 - 2*f**2 + 4*f - 2. Let y be j(-4). Let x = y + -8. Let s(z) = 22*z - 5. Is s(x) prime?
True
Let l(g) = g**2 - 2*g - 6. Let q(d) = 15*d**3 - d. Let y be q(1). Suppose p + y = -5*f - 25, 0 = -5*p - 20. Is l(f) composite?
True
Let s(y) = y**3 - y**2 - 70. Let d be s(0). Let w = d - -107. Is w composite?
False
Is 668 + (6 - (5 + 0)) a prime number?
False
Suppose 2*j - 4385 = -3*j. Is j a prime number?
True
Let v be 2/(-4) - 77/(-22). Suppose 2825 = 5*n + 2*z, -5*n + n = -v*z - 2237. Is n prime?
True
Let l be 8/10*(-5)/(-2). Suppose -3*m + 62 = -l*m. Is m composite?
True
Let r(q) = 2*q**3 + 4*q**2 + 3*q. Let d be r(-2). Is (-2)/d - 2000/(-30) a prime number?
True
Let g be 7 - (0 + 0 + 3). Let h be (-10)/(-25) + 798/5. Suppose h - 24 = g*z. Is z a prime number?
False
Let w(l) = l + 12. Let k be w(-8). Is 1*k/(-12)*-381 composite?
False
Suppose -3*a = -4*a + 379. Is a a composite number?
False
Let z(m) = m + 10. Let a be 6/33 - 237/33. Let b be z(a). Is -3 - -58 - (b + -6) a prime number?
False
Let s(z) = -z**2 + 21*z + 37. Is s(18) composite?
True
Is 3/(-12) + 2532/16 a prime number?
False
Suppose 0 = 25*b - 24*b - 631. Is b composite?
False
Suppose 0 = 4*o - 1 - 11. Let c(z) = 5*z + z**o - 3 + 3 - 5*z**2. Is c(4) prime?
False
Suppose 0*g + 10 = -g. Suppose 4*x + 2*l + l = -15, x + 5*l + 25 = 0. Is (g + x)*(-3)/3 a prime number?
False
Suppose -3*h = -5*k - 928 - 376, k - 5*h + 252 = 0. Is (k - (0 - -1))*-1 a prime number?
True
Let j(o) = -o**3 + 6*o**2 - 4*o - 6. Let l be j(5). Let p(x) = -2*x + 1. Let b be p(l). Is 24 - b/(-2 - 1) a prime number?
False
Suppose i = 4 + 4. Suppose -p - 2*v = -0*p - i, 5*p + v - 31 = 0. Let q(d) = 5*d - 9. Is q(p) prime?
False
Let y(m) = 2*m + 1. Let s be y(-3). Let i(a) = -4*a - 4*a**3 + 6*a + 4 + 5*a**3 + 8*a**2 + 2*a. Is i(s) a composite number?
False
Let v be (-33)/((-12)/(-15) - 1). Suppose 3*j = -0*j + v. Is j a composite number?
True
Let z(l) = l**3 - 2*l**2 + 2. Let b be z(2). Let j be (-14)/(-4)*1*b. Suppose 0 = 4*n - j*n + 45. Is n a prime number?
False
Let y(a) be the second derivative of -2*a + 0 - 1/3*a**3 - 3/2*a**2. Is y(-5) a composite number?
False
Let v be 0 - (-66 + -2 + 2). Suppose -21 = 3*k - v. Suppose 0 = -r + k - 2. Is r a prime number?
True
Let s(b) be the first derivative of b**4/4 + b**3/3 + b**2/2 + 4*b + 2. Let f be s(5). Suppose -3*d + f = 4*n, 5*d = -3*n + 5*n + 265. Is d a composite number?
False
Let f(p) = 79*p - 3. Is f(2) a composite number?
True
Let y = 4 + 0. Let k(g) = g**3 - 5*g**2 + 3*g + 4. Let j be k(y). Suppose t - 119 = -j*t. Is t composite?
True
Let h = -9 + 3. Let b be 97 + h - (-1 - 0). Let v = b - 59. Is v composite?
True
Suppose 2*o = -3*r - 2*o - 24, o = 4*r + 13. Is (-2 + 1)/(r/1276) a composite number?
True
Suppose -4*k - 6 = -7*k. Suppose -1 = v + k*w + 1, -8 = 2*w. Is v composite?
True
Suppose -t = 4*s - 81 - 147, s + 2*t - 50 = 0. Is s a composite number?
True
Let m(h) be the second derivative of h**4/12 + h**3 - 8*h**2 + h. Is m(-15) a prime number?
False
Let y(w) be the third derivative of 131*w**4/24 + 2*w**2. Is y(1) prime?
True
Let c(g) = g - 1. Let s be c(3). Suppose -i - s*i + 27 = 0. Is 37/(-3)*i/(-3) a prime number?
True
Let p = -1882 + 2781. Is p prime?
False
Let p(i) = i**2 + 4*i - 7. Is p(12) composite?
True
Let c(p) be the first derivative of p**7/840 + p**6/45 + 5*p**4/12 - p**3 - 1. Let s(n) be the third derivative of c(n). Is s(-7) a composite number?
False
Suppose 0 = -0*j + 22*j - 2926. Is j prime?
False
Let l(x) = 8*x**2 - 2*x - 7. Is l(-3) prime?
True
Suppose -2715 = -5*t + 1130. Let x = -260 + t. Is x composite?
False
Suppose -2*r + 7*r - 10 = 0. Suppose 0 = r*f - 0*f - 26. Is f prime?
True
Let q be 1/(-5) - 621/(-5). Let s = q - -75. Is s composite?
False
Let r = 18 - 3. Let h be (-1)/(-4 + 105/25). Let g = r + h. Is g a prime number?
False
Suppose 20*b + 1346 = 22*b. Is b prime?
True
Is 185/(-1)*(3 + -4) prime?
False
Suppose 0 = 2*v + 4*d + 4 + 12, -3*v + 2*d = 0. Let j(g) = -g**3 + 5*g**2 - g + 3. Let c be j(5). Is (c/v)/(1/49) a composite number?
True
Let n = 2096 - 1363. Is n a composite number?
False
Let y be (-1 - 2) + 5 + -96. Let b = 337 - y. Is b a prime number?
True
Let s = 12 - -71. Is s a prime number?
True
Let r(s) = 63*s + 2. Is r(5) a composite number?
False
Suppose -5*g = -2*i - 15, 3*i + 15 = 2*g + 3*g. Suppose i = 5*n - 2*v - 411, -v + 257 = 3*n + 3*v. Is n a prime number?
True
Let m = 1 - -3. Let w(z) = 3*z**3 + 3*z**2 - 3*z - 1. Let r be w(m). Suppose -r + 583 = 4*k. Is k a composite number?
False
Let p(a) = 9*a**2 + 11*a - 17. Is p(-13) a composite number?
False
Let o(u) = -5*u**2 - 4*u - 1. Let j(g) = -11*g**2 - 9*g - 2. Let q(r) = 4*j(r) - 9*o(r). Is q(-6) a composite number?
False
Let u(j) = -j + 14. Let c be u(6). Suppose -3*r + 5*l - 42 = 0, 4*l = -5*r - c - 25. Is (2 - r)/(2/6) a composite number?
True
Suppose -3*c = -3*h + 8*h - 14, -11 = -5*c + 4*h. Suppose -4*u = -4*o - 40 + 100, -4*o = c*u - 60. Let y = o + -11. Is y a composite number?
True
Suppose -7*l + 5*l = -514. Let r = l + -108. Is r prime?
True
Let t(c) = c**3 + 5*c**2 - 1. Let p be (-5)/10 - (-130)/4. Let w be p/12*(-3)/2. Is t(w) a composite number?
True
Let s(b) = b**3 + 4*b**2 - 3*b + 2. Let n be s(-4). Let d = -8 + n. Suppose d*h - 215 = h. Is h composite?
False
Let g(o) = -o**3 + 4*o**2 - 3. Let l be g(3). Let j(h) = -h**2 + 8*h - 7. Let m be j(l). Suppose -m*b = -5*z - 0*b + 140, -b = -3. Is z prime?
True
Let k be (-12 + 11)*(-26)/2. Is k/(2/(-3 - -7)) composite?
True
Is (-12)/(-28) - (-403)/7 a composite number?
True
Let m(z) = 2*z**2 + 6*z - 6. Is m(-10) prime?
False
Let a be -20*(-1)/(2/(-1)). Let j(b) be the third derivative of -b**4/8 - 7*b**3/6 + 15*b**2. Is j(a) composite?
False
Suppose 0 = -2*h + 5*h - 39. Let g = 46 + h. Is g a prime number?
True
Let v(g) = 22*g - 2. Let p be v(3). Suppose -o + 4*i - 3*i + p = 0, o - 5*i - 84 = 0. Is o a composite number?
False
Let t(k) be the first derivative of -k**4/2 - 2*k**3/3 + 2*k - 2. Suppose -4*z = 0, -5*w - 9 = -3*z + 1. Is t(w) a composite number?
True
Let m = -9 - -11. Suppose -g + u + 121 = -0*u, -m*u = g - 115. Is g prime?
False
Let h = -2824 + 4413. Is h a composite number?
True
Let h be ((-12)/(-2) - 4) + 2. Suppose 5*q = 3*l - 786, l - h*q - 269 = -0*l. Is l a composite number?
False
Suppose -60 = -6*b + 7*b. Let s = 526 + b. Is s a composite number?
True
Suppose -3*i + i + 110 = -z, 0 = 4*i + z - 208. Is i prime?
True
Let h(z) = 2*z + 7. Let v be h(-7). Let d(f) = -f - 16. Let o(r) = -3*r - 49. Let w(s) = -7*d(s) + 2*o(s). Is w(v) prime?
True
Suppose 0 = i - 408 + 121. Is i 